6 - -10?
-236
In base 10, what is -4491 + -5?
-4496
In base 16, what is 1 + -37c?
-37b
In base 16, what is -25f - -2?
-25d
In base 9, what is 43 + 10?
53
In base 11, what is -3a45 - 5?
-3a4a
In base 5, what is 3 - -1301?
1304
In base 14, what is -57 + 5?
-52
In base 4, what is 110 - 1202?
-1032
In base 11, what is 4312 + -3?
430a
In base 4, what is 30 + -22230?
-22200
In base 13, what is -5 - a23?
-a28
In base 3, what is -10 + 122022?
122012
In base 14, what is -4 - 90?
-94
In base 4, what is 31 + 1230?
1321
In base 8, what is -24 + -1001?
-1025
In base 8, what is 4 + 54?
60
In base 10, what is 4 + -8?
-4
In base 4, what is -13300 - -11?
-13223
In base 14, what is -2 - -a?
8
In base 13, what is -5 - -743?
73b
In base 16, what is -2 - -22a?
228
In base 4, what is -12 - -3?
-3
In base 5, what is 33 + -13?
20
In base 15, what is 4 + -95?
-91
In base 11, what is 11606 - 5?
11601
In base 16, what is 7 + -687?
-680
In base 13, what is -301 + -2?
-303
In base 14, what is -40 - 1b?
-5b
In base 11, what is 15 - 10?
5
In base 15, what is -3 - -17e?
17b
In base 6, what is 4 - -325?
333
In base 12, what is 38 + 58?
94
In base 11, what is -49 + 155?
107
In base 12, what is -2 - 309?
-30b
In base 11, what is 13a3 - -2?
13a5
In base 12, what is 3 + 54?
57
In base 12, what is 0 + 3?
3
In base 12, what is -1 - 3653?
-3654
In base 16, what is 14 + -3?
11
In base 8, what is 543 - 24?
517
In base 9, what is -7714 - 3?
-7717
In base 16, what is -ae + -6?
-b4
In base 5, what is 12123 - 30?
12043
In base 13, what is 7 + -21?
-17
In base 7, what is 10 - 145?
-135
In base 4, what is -10 + -1102120?
-1102130
In base 10, what is 565 + 2?
567
In base 14, what is 0 + -6c?
-6c
In base 5, what is -3 + -33002?
-33010
In base 12, what is -37 + -4?
-3b
In base 9, what is 2 - -65?
67
In base 7, what is -1 + 2352?
2351
In base 8, what is -5 - -277?
272
In base 3, what is 21021011 - 0?
21021011
In base 3, what is -1 + -1020002?
-1020010
In base 3, what is 211 - -111120?
112101
In base 9, what is 26818 - 4?
26814
In base 9, what is -6 - -27?
21
In base 3, what is -11011 + -1?
-11012
In base 5, what is 1 - -200?
201
In base 9, what is -775 + -4?
-780
In base 14, what is 1c - 7?
15
In base 5, what is 11442 - 11?
11431
In base 8, what is -4 - 63?
-67
In base 16, what is ec + -9?
e3
In base 11, what is -17 + -476?
-492
In base 5, what is -10101 - -2?
-10044
In base 10, what is 276 + -3?
273
In base 8, what is -62441 + -1?
-62442
In base 8, what is 161 - 4?
155
In base 14, what is -160 + 10?
-150
In base 8, what is -1774 + -20?
-2014
In base 3, what is -22210211 - 10?
-22210221
In base 12, what is 494 + -4?
490
In base 3, what is 1120120211 - -2?
1120120220
In base 16, what is 4 + -24f?
-24b
In base 11, what is -5 - -19?
14
In base 11, what is -26 - 7?
-32
In base 8, what is -5 - 576?
-603
In base 9, what is -478 + 5?
-473
In base 12, what is -84 + 11?
-73
In base 7, what is -30 + -2?
-32
In base 16, what is 32f + 5?
334
In base 9, what is 26 - 104?
-67
In base 11, what is -52 + -55?
-a7
In base 15, what is -4 + -1?
-5
In base 13, what is -4 - 2c?
-33
In base 12, what is 2 + -21?
-1b
In base 6, what is 54 - -502?
1000
In base 10, what is 129 - -10?
139
In base 15, what is 36 + 2?
38
In base 8, what is 2 - -136?
140
In base 7, what is -2 - -425?
423
In base 13, what is 8 + -1b?
-13
In base 12, what is 258a - -3?
2591
In base 8, what is 637 + -105?
532
In base 8, what is -31 - -41?
10
In base 5, what is -1413 - 4?
-1422
In base 13, what is -b - 849?
-857
In base 11, what is 0 - -728?
728
In base 5, what is -30033 + 10?
-30023
In base 14, what is -d24 + -d?
-d33
In base 14, what is -425 - 1?
-426
In base 16, what is -3d - -3?
-3a
In base 5, what is 10 + -22?
-12
In base 4, what is 232 + -212?
20
In base 14, what is -217 + -3?
-21a
In base 8, what is 4611 + -2?
4607
In base 5, what is 44 - 12?
32
In base 13, what is 0 + c?
c
In base 8, what is -7 + -5?
-14
In base 8, what is 451 + -10?
441
In base 6, what is 2433 + -2?
2431
In base 11, what is 3 + -14?
-11
In base 12, what is 1362 + 3?
1365
In base 8, what is -446 + 4?
-442
In base 7, what is 1213 - -4?
1220
In base 6, what is 2 + -201?
-155
In base 13, what is -94 - 0?
-94
In base 3, what is -122121 + 12?
-122102
In base 7, what is 1362 + 3?
1365
In base 7, what is 11405 - -1?
11406
In base 13, what is a38 - 1?
a37
In base 12, what is 3 + -76?
-73
In base 10, what is -66 - 206?
-272
In base 9, what is 5 + 3?
8
In base 9, what is -15 - 6?
-22
In base 5, what is -2112 - -4?
-2103
In base 9, what is 420 + 1?
421
In base 5, what is -312 + 33?
-224
In base 5, what is -32 - 14?
-101
In base 16, what is -1b + 5d?
42
In base 14, what is 19 - -2?
1b
In base 2, what is -10 - 111010000111?
-111010001001
In base 10, what is -23 - -36?
13
In base 13, what is -4 + -213?
-217
In base 5, what is 213 - -123?
341
In base 9, what is -17737 - 2?
-17740
In base 5, what is 1233 - 4?
1224
In base 2, what is -1 - 110101100?
-110101101
In base 14, what is -4 + 34a?
346
In base 7, what is -24 + -24?
-51
In base 2, what is -100 - -10110010011?
10110001111
In base 14, what is -4 + -82?
-86
In base 13, what is 1c35 - 5?
1c30
In base 11, what is -5 - -18a?
185
In base 2, what is 10 + 100011001011?
100011001101
In base 8, what is -20 - 254?
-274
In base 14, what is 4 + -ddb?
-dd7
In base 10, what is -160 - -4?
-156
In base 5, what is -14322 + 32?
-14240
In base 14, what is -b9c - 5?
-ba3
In base 15, what is 1 + 3?
4
In base 6, what is -101 + -10?
-111
In base 15, what is -33 - 11?
-44
In base 6, what is -4 - -10541?
10533
In base 6, what is 214142 + 2?
214144
In base 9, what is -48 + 5?
-43
In base 9, what is -326 + -4?
-331
In base 16, what is 75 - 7a?
-5
In base 10, what is -9 - -24?
15
In base 9, what is 2 + -251?
-248
In base 2, what is 1 - -1101001111000?
1101001111001
In base 13, what is 4 + -298?
-294
In base 2, what is 100110 - 101?
100001
In base 9, what is -2 - 2384?
-2386
In base 3, what is -101200 - 2?
-101202
In base 14, what is 62 - -3?
65
In base 7, what is -22 + -10?
-32
In base 7, what is 453 - -2?
455
In base 10, what is -76 - 14?
-90
In base 9, what is 4 - 70?
-65
In base 9, what is -2 + 82?
80
In base 5, what is 143 + -4?
134
In base 2, what is 11011 + -10110010?
-10010111
In base 15, what is 1c - da?
-bd
In base 4, what is 3323002 - 0?
3323002
In base 2, what is 1 + 11?
100
In base 5, what is 10 - -10?
20
In base 10, what is 3022 + -3?
3019
In base 9, what is -4182 + 2?
-4180
In base 8, what is -5263 - -4?
-5257
In base 16, what is 9 - 8?
1
In base 7, what is 34 + 45?
112
In base 16, what is 1 - 2e7?
-2e6
In base 13, what is -34bb - 0?
-34bb
In base 15, what is -e0 + -5?
-e5
In base 12, what is 241b + -1?
241a
In base 16, what is -3 - -e?
b
In base 11, what is -3 - 5876?
-5879
In base 2, what is -1 - 1111111?
-10000000
In base 4, what is -102 - 120?
-222
In base 13, what is 2 - 3b?
-39
In base 8, what is -24 + -37?
-63
In base 4, what is 103310 + -33?
103211
In base 12, what is 1700 - 5?
16b7
In base 2, what is -100001110 - -101?
-100001001
In base 13, what is 4 + 42?
46
In base 2, what is 1000100 - 101101?
10111
In base 16, what is -5 - 9?
-e
In base 14, what is 3b3 + -1?
3b2
In base 4, what is -11 + -1020?
-1031
In base 16, what is 4c - -29?
75
In base 6, what is 1 - 105?
-104
In base 2, what is -100 - -1011100000?
1011011100
In base 13, what is -4 - 8?
-c
In base 14, what is -39 - -8?
-31
In base 11, what is -4 - -a2?
99
In base 11, what is -208 - -42?
-176
In base 4, what is -10 - 2210?
-2220
In base 4, what is -10 + 32?
22
In base 8, what is 27 - -53?
102
In base 2, what is 110 - 1110001?
-1101011
In base 4, what is 1 + 0?
1
In base 5, what is 100 - 104?
-4
In base 11, what is 2 - -90?
92
In base 16, what is -1300 - -1?
-12ff
In base 14, what is 3 + -73?
-70
In base 10, what is 44 + -24?
20
In base 13, what is 14c + 6?
155
In base 6, what is -233 - -1?
-232
In base 8, what is -23 + 133?
110
In base 2, what is 1010 + 1001000?
1010010
In base 14, what is -21d4 + -5?
-21d9
In base 3, what is 12 - -2012?
2101
In base 11, what is 0 - 1256?
-1256
In base 12, what is -5 + -727?
-730
In base 6, what is 5 - 240?
-231
In base 8, what is -6 - -3072?
3064
In base 11, what is -16490 + -2?
-16492
In base 6, what is -555 - 4?
-1003
In base 4, what is -1